?
13
Let b(t) = -2*t**3 - 17*t**2 + 8*t + 14. List the prime factors of b(-9).
23
Let t(g) = -g**3 - 4*g**2 - 5*g - 2. Let a(r) = r**2 + 6*r - 4. Let f be a(-6). What are the prime factors of t(f)?
2, 3
Let k(m) = m**3 + m**2 - 2*m**3 + 0*m**3 - 40 + m. Let g be k(0). List the prime factors of g/(-12) + 4/6.
2
Suppose -k - 13 = 24. What are the prime factors of k/3*(-8 - -5)?
37
Let s(d) = -d**3 - 5*d**2 - d - 1. Let l be s(-5). Suppose 4*z = 5*z. Suppose z*q + 2*h + 4 = 2*q, 0 = -2*q + l*h - 2. What are the prime factors of q?
5
Suppose 0*n + 2*n - 12 = 0. Let g = 4 + n. List the prime factors of g.
2, 5
Let a = -2 - -5. Suppose c + a*c = 12. What are the prime factors of c?
3
What are the prime factors of (-28)/8 + 2 - 135/(-10)?
2, 3
Suppose 4*k - 46 = -2. Suppose k - 75 = -4*r. What are the prime factors of r?
2
Let p(o) = 55*o. Let y(u) = u + 3. Let a be y(-2). List the prime factors of p(a).
5, 11
Let y be (1 + 1)*(-25)/(-2). Suppose 0*l - 44 = 4*l. Let i = l + y. What are the prime factors of i?
2, 7
List the prime factors of 10/(-35) - (-564)/14.
2, 5
Let f(g) = g + 15. Let u be f(-12). Suppose 0 = -3*l + 2*q + 26, u*q + 18 = -0*l + l. List the prime factors of l.
2, 3
Let y be (-22)/(2/(-6)*2). Suppose 2*f + y = -4*a + 121, -2*a - 2*f + 48 = 0. List the prime factors of a.
2, 5
Suppose -2*c - 5*m - 14 = 0, 0 = -0*c + c + 2*m + 5. Suppose 0 = -c*o + 3 - 0. What are the prime factors of o/(-1*3/(-15))?
5
Suppose v - 112 = 56. Let m = -107 + v. Suppose -2*c - 4*l = -8, -3*c = -3*l + 13 - m. List the prime factors of c.
2, 3
Let k = -8 + 4. Let g = 4 + k. Suppose -3*r = 3*n - 27, g = 4*n + 1 - 5. What are the prime factors of r?
2
Suppose 2*f - 128 = -2*h, 2*h + 173 + 161 = 5*f. List the prime factors of f.
2, 3, 11
Suppose -y + 3*y = -36. Let m = y + 40. List the prime factors of m.
2, 11
Let h(k) = -4*k. Let z be 1/((-2)/(8 + -2)). List the prime factors of h(z).
2, 3
Let t(j) = j**2 - 8*j + 21. What are the prime factors of t(11)?
2, 3
Let a = 18 - 13. Let q = 34 - a. What are the prime factors of q?
29
Suppose 55 = -3*p + 8*p. List the prime factors of p.
11
Let x(q) = -q**3 - q**2 - q + 21. Suppose 2*n = -5*g - 10, 5*g = -n + 4*n + 15. What are the prime factors of x(g)?
3, 7
Suppose -4*g - 4*o = -9*o + 11, -3*o = -9. List the prime factors of -3 + 3 + 21/g.
3, 7
Let d = -10 - -13. What are the prime factors of 6/(-3) - (d + -7)?
2
Let l(s) = -2*s + 14 - 4 + s**2 - 6*s. What are the prime factors of l(7)?
3
Suppose -3*j + 27 = -2*j. Suppose 0*a + 3*a - j = 0. Let f = a - -4. What are the prime factors of f?
13
Suppose -2*f = -0*f - 12. Let y = -4 + f. Suppose 7*i = y*i + 10. List the prime factors of i.
2
Let w be ((-2 + 0)/(-2))/1. Suppose -y = -24 + w. List the prime factors of y.
23
Let r = 11 + -8. Suppose 4*o - r = o. Suppose -2*w + o = -5. What are the prime factors of w?
3
Let t = 11 - 6. Suppose 32 + 13 = t*u. List the prime factors of u/(-6)*(-16)/6.
2
Let j(g) = g**3 + 6*g**2 - 7*g + 9. Let w be j(-7). What are the prime factors of 6/5*30/w?
2
Suppose -4*o = 134 + 6. What are the prime factors of 2/7 - 200/o?
2, 3
Let s be 176/10 + (-2)/(-5). Suppose 118 = 5*p - p + 2*j, -115 = -5*p + 4*j. Let v = p - s. List the prime factors of v.
3
Suppose 29 = 3*o + v - 3*v, -4*v - 31 = -3*o. Suppose o = r + 2. List the prime factors of r.
7
Suppose p - 3*r = -0*p + 235, 245 = p + 2*r. List the prime factors of p.
241
Let n(z) = -z**3 - 5*z**2 + 4*z + 7. Let y be n(-5). Let j(d) = d**3 + 14*d**2 + 10*d - 15. List the prime factors of j(y).
2, 3
Let s = -16 + 27. Suppose o = s + 1. Suppose -5*l + l = -o. List the prime factors of l.
3
Suppose -2 = -m + 2*n + 2, -12 = -3*n. Suppose 4*i - m = -3*z, 2*i - i = 3. Suppose 39 = 3*h - z*q + 2*q, 0 = -h + 5*q - 4. List the prime factors of h.
11
Suppose 0*l + 2*l = -3*t + 8, -5 = -t - 3*l. Suppose -v + 7 = -t*r, 3*v - 2*r - 29 = -0*r. List the prime factors of v.
11
Suppose 3 = 3*t - 6. Suppose 14 = -o - 0*o - 5*i, t*o = 2*i + 43. List the prime factors of o.
11
Let c(f) = -f**3 - f + 5. Let i be c(0). Suppose -i*t + 0*t = -125. Suppose 0 = -4*v - 1 + t. List the prime factors of v.
2, 3
Suppose 3*b - 11 = m, -4*b - 3*m + 7*m + 12 = 0. Suppose -i + 4*z + 35 = 0, -i - b*z = -0 - 3. List the prime factors of i.
19
Suppose 1 = -2*h - 5, h - 1 = 2*g. Let t = 7 - g. List the prime factors of t.
3
Let f(w) = 58*w**2 - 2*w + 1. List the prime factors of f(-1).
61
Let r be (5/3)/((-3)/(-9)). Suppose -r*s = -41 + 1. List the prime factors of s.
2
Let u(k) = 3*k**2 - 3*k - 10. Let r be u(-7). Suppose 2*o - 72 = 3*h, -4*o + r = -2*h + 6. List the prime factors of o.
3, 13
Let m(i) = -i - 13. List the prime factors of m(-15).
2
Let f = -7 - -10. Suppose -b = f*b - 24. What are the prime factors of b?
2, 3
Suppose -3*x - 3*j + 12 = 0, -5*j + 17 = 3*x + x. Suppose 3*n + x*i - 2 = n, -i = 3*n + 11. Let r = n - -19. List the prime factors of r.
2, 7
Suppose 3*o + 2*n + 1 = 0, -o + 4*n + 5 = 2*n. Let a = o - -35. What are the prime factors of a?
2, 3
Suppose 2*l + 55 = 157. List the prime factors of l.
3, 17
Let i(n) be the first derivative of 4*n**3/3 + 3*n**2/2 + 2*n + 24. Let l = -1 - 1. What are the prime factors of i(l)?
2, 3
Suppose -2*z + 13 = -z. Let r = z + -7. Suppose -3*j = f - 0*j + 8, 2*f + 4*j + r = 0. List the prime factors of f.
7
Let p(w) be the second derivative of -w**3 - 3*w - 7/12*w**4 - 9/2*w**2 + 1/20*w**5 + 0. What are the prime factors of p(8)?
7
Let j = 117 + -70. List the prime factors of j.
47
Let x(i) = i**2 - i - 26. List the prime factors of x(-10).
2, 3, 7
Suppose 0 = -2*k - 5*k + 1834. List the prime factors of k.
2, 131
Let z(g) = -g**3 - 4*g**2 - 3*g + 3. Let j be z(-3). Suppose 0*s + j*s - 99 = 0. Let d = s - 23. What are the prime factors of d?
2, 5
Let x(v) = v**3 - v**2 - 3*v + 6. List the prime factors of x(3).
3, 5
Suppose 4*b - 2 = 102. What are the prime factors of b?
2, 13
List the prime factors of 264/10 - (-6)/(-15).
2, 13
Let i = 7 - 1. List the prime factors of i.
2, 3
Let m = 15 + -11. Let y = -2 + m. List the prime factors of y.
2
Let q(j) = -2*j - 1. Let f be q(-2). Suppose 0*y + 4*k + 48 = f*y, 4*y = 2*k + 54. List the prime factors of y.
2, 3
Let k = 0 - 3. List the prime factors of 1/(3/(-162)*k).
2, 3
Let h(j) = 2*j - 2. Let x be h(3). Let a be 42/(-8)*(0 + -4). Suppose -w - a = -x*w. What are the prime factors of w?
7
Let k = 34 - 22. Suppose -4*v + k = 0, 16 = -f - f + 4*v. Let j(b) = -2*b + 1. List the prime factors of j(f).
5
Suppose -4*w = 2*h - 84, w + w = -8. List the prime factors of h*(12/8 + -1).
5
Suppose 2*h + 53 = 2*b + 187, -4*b = h - 62. What are the prime factors of h?
2, 3, 11
Let h(r) = -r**3 + r + 8. Let q be h(0). Suppose s - 19 = -5*f - s, q = 4*s. Suppose f*y + 2*y - 45 = 0. List the prime factors of y.
3
Suppose 0 = 4*r + 2*o + 100, 4*r + 5*o = -0*r - 106. List the prime factors of r/(-42) - 76/(-14).
2, 3
Suppose -2*l = -0 - 8. Suppose -4*w + 18 = u, -w = -6*u + l*u. What are the prime factors of u?
2
Let r(x) be the first derivative of -x**3/3 + 7*x**2 + 2*x + 1. Suppose 2*q - q = -4*g + 56, -g - 2*q = -21. What are the prime factors of r(g)?
3, 5
Suppose 134 = 3*a - 223. List the prime factors of a.
7, 17
Let b = -302 - -432. What are the prime factors of b?
2, 5, 13
Let n = 7 + -8. Let s(u) = -13*u**3 + 1. List the prime factors of s(n).
2, 7
Let u = -23 - -61. Suppose -7*p = -2*p + 3*b + 142, -3*p + 4*b = 62. Let z = p + u. List the prime factors of z.
2, 3
Let m = -38 - -83. List the prime factors of m.
3, 5
Suppose 18 = t - 0*t. List the prime factors of t.
2, 3
Suppose 0 = 5*q + 3*o + 2*o - 35, -4*o = -3*q - 7. List the prime factors of q.
3
Let u be (-2285)/(-65) + 6/(-39). Let x = u - -7. What are the prime factors of x?
2, 3, 7
What are the prime factors of 210/4 + 1/2?
53
Suppose 3*s - 10 - 2 = 0. Suppose s*p + p - 10 = 0. Suppose 0 = 4*r - 4, 2*r - 67 = -3*x - p*x. What are the prime factors of x?
13
Suppose -2*k - 98 = -396. What are the prime factors of k?
149
Let k(s) = -6 + 1 + 1 + 3*s - s**2 + 0. Let w be k(3). What are the prime factors of w/14 + 100/7?
2, 7
Suppose 2*i - i = 6. What are the prime factors of ((-3)/i)/((-1)/48)?
2, 3
Let c(y) = y**2 + 5*y + 4. Let i be c(-5). Let k(r) = i + 0*r - 1 + r**2 + 3*r. 